{"id":172,"date":"2026-01-16T19:56:46","date_gmt":"2026-01-16T19:56:46","guid":{"rendered":"https:\/\/amve.org.uk\/?page_id=172"},"modified":"2026-03-11T22:28:26","modified_gmt":"2026-03-11T22:28:26","slug":"i-angliai-jozsef-attila-vers-es-prozamondo-verseny-beszamolo-es-kepgaleria","status":"publish","type":"page","link":"https:\/\/amve.org.uk\/en\/rendezvenyeink\/i-angliai-jozsef-attila-vers-es-prozamondo-verseny-beszamolo-es-kepgaleria\/","title":{"rendered":"I. Angliai J\u00f3zsef Attila Vers- \u00e9s Pr\u00f3zamond\u00f3 Verseny"},"content":{"rendered":"<p><strong>Londoni Magyar Kultur\u00e1lis K\u00f6zpont,\u00a02017. \u00e1prilis 22.<\/strong><\/p>\n\n\n\n<p>Az Angliai Magyar Versmond\u00f3k Egyes\u00fclete \u00e9s a Magyar Kult\u00fara \u00e9s \u00d6r\u00f6ks\u00e9g Alap\u00edtv\u00e1ny k\u00f6z\u00f6s kezdem\u00e9nyez\u00e9sek\u00e9nt j\u00f6tt l\u00e9tre az I. Angliai J\u00f3zsef Attila Vers- \u00e9s Pr\u00f3zamond\u00f3 Verseny, amelyet a magyar k\u00f6lt\u00e9szet napja alkalm\u00e1b\u00f3l rendeztek meg 2017. \u00e1prilis 22-\u00e9n a Londoni Magyar Kultur\u00e1lis K\u00f6zpont (Hungarian Cultural Centre) d\u00edszterm\u00e9ben.<\/p>\n\n\n\n<figure class=\"wp-block-image size-large\"><img loading=\"lazy\" decoding=\"async\" width=\"1024\" height=\"682\" src=\"https:\/\/amve.org.uk\/wp-content\/uploads\/2026\/03\/MEGNYITO-1024x682.jpg\" alt=\"\" class=\"wp-image-2519\" srcset=\"https:\/\/amve.org.uk\/wp-content\/uploads\/2026\/03\/MEGNYITO-1024x682.jpg 1024w, https:\/\/amve.org.uk\/wp-content\/uploads\/2026\/03\/MEGNYITO-300x200.jpg 300w, https:\/\/amve.org.uk\/wp-content\/uploads\/2026\/03\/MEGNYITO-768x511.jpg 768w, https:\/\/amve.org.uk\/wp-content\/uploads\/2026\/03\/MEGNYITO-1536x1022.jpg 1536w, https:\/\/amve.org.uk\/wp-content\/uploads\/2026\/03\/MEGNYITO.jpg 2048w\" sizes=\"auto, (max-width: 1024px) 100vw, 1024px\" \/><\/figure>\n\n\n\n<p>A szervez\u0151k c\u00e9lja az volt, hogy minden koroszt\u00e1ly sz\u00e1m\u00e1ra lehet\u0151s\u00e9get biztos\u00edtsanak a bemutatkoz\u00e1sra \u00e9s a magyar irodalom ir\u00e1nti elk\u00f6telezetts\u00e9g kifejez\u00e9s\u00e9re. A versenyre 8. \u00e9let\u00e9v\u00fcket bet\u00f6lt\u00f6tt amat\u0151r vers- \u00e9s pr\u00f3zamond\u00f3k jelentkezhettek. A r\u00e9sztvev\u0151knek k\u00e9t, az egyetemes magyar irodalomb\u00f3l szabadon v\u00e1lasztott verssel vagy pr\u00f3zai m\u0171vel kellett k\u00e9sz\u00fclni\u00fck.<\/p>\n\n\n\n<p>A kateg\u00f3ri\u00e1k az al\u00e1bbiak szerint alakultak:<\/p>\n\n\n\n<ul class=\"wp-block-list\">\n<li><strong>Gyermek kateg\u00f3ria:<\/strong> 8\u201313 \u00e9v<\/li>\n\n\n\n<li><strong>Ifj\u00fas\u00e1gi kateg\u00f3ria:<\/strong> 14\u201319 \u00e9v<\/li>\n\n\n\n<li><strong>Feln\u0151tt kateg\u00f3ria:<\/strong> 20 \u00e9v felett<\/li>\n<\/ul>\n\n\n\n<p>A versenyre 53 f\u0151 nevezett.<\/p>\n\n\n\n<figure class=\"wp-block-image size-large is-resized\"><img loading=\"lazy\" decoding=\"async\" width=\"724\" height=\"1024\" src=\"https:\/\/amve.org.uk\/wp-content\/uploads\/2026\/02\/PROGRAM-2017_Page_1_compressed-724x1024.webp\" alt=\"\" class=\"wp-image-1963\" style=\"width:724px;height:auto\" srcset=\"https:\/\/amve.org.uk\/wp-content\/uploads\/2026\/02\/PROGRAM-2017_Page_1_compressed-724x1024.webp 724w, https:\/\/amve.org.uk\/wp-content\/uploads\/2026\/02\/PROGRAM-2017_Page_1_compressed-212x300.webp 212w, https:\/\/amve.org.uk\/wp-content\/uploads\/2026\/02\/PROGRAM-2017_Page_1_compressed-768x1086.webp 768w, https:\/\/amve.org.uk\/wp-content\/uploads\/2026\/02\/PROGRAM-2017_Page_1_compressed-1086x1536.webp 1086w, https:\/\/amve.org.uk\/wp-content\/uploads\/2026\/02\/PROGRAM-2017_Page_1_compressed.webp 1400w\" sizes=\"auto, (max-width: 724px) 100vw, 724px\" \/><\/figure>\n\n\n\n<figure class=\"wp-block-image size-large\"><img loading=\"lazy\" decoding=\"async\" width=\"724\" height=\"1024\" src=\"https:\/\/amve.org.uk\/wp-content\/uploads\/2026\/02\/PROGRAM-2017_Page_2_compressed-724x1024.webp\" alt=\"\" class=\"wp-image-1964\" srcset=\"https:\/\/amve.org.uk\/wp-content\/uploads\/2026\/02\/PROGRAM-2017_Page_2_compressed-724x1024.webp 724w, https:\/\/amve.org.uk\/wp-content\/uploads\/2026\/02\/PROGRAM-2017_Page_2_compressed-212x300.webp 212w, https:\/\/amve.org.uk\/wp-content\/uploads\/2026\/02\/PROGRAM-2017_Page_2_compressed-768x1086.webp 768w, https:\/\/amve.org.uk\/wp-content\/uploads\/2026\/02\/PROGRAM-2017_Page_2_compressed-1086x1536.webp 1086w, https:\/\/amve.org.uk\/wp-content\/uploads\/2026\/02\/PROGRAM-2017_Page_2_compressed.webp 1400w\" sizes=\"auto, (max-width: 724px) 100vw, 724px\" \/><\/figure>\n\n\n\n<p>Az eg\u00e9sz napos, telth\u00e1zas rendezv\u00e9ny 10:30-kor kezd\u0151d\u00f6tt. <strong>Verb\u00e1szi Be\u00e1ta <\/strong>f\u0151szervez\u0151, az Angliai Magyar Versmond\u00f3k Egyes\u00fclet\u00e9nek alap\u00edt\u00f3ja, Radn\u00f3ti-d\u00edjas el\u0151ad\u00f3m\u0171v\u00e9sz, a zs\u0171ri eln\u00f6ke ismertette a nap programj\u00e1t, majd bemutatta a zs\u0171ri tov\u00e1bbi tagjait:<\/p>\n\n\n\n<ul class=\"wp-block-list\">\n<li><strong>Horv\u00e1th Mil\u00e1n<\/strong>, a Londoni Magyar Kultur\u00e1lis K\u00f6zpont programszervez\u0151je, a londoni Kommunik\u00e1ci\u00f3s- \u00e9s Dr\u00e1mam\u0171hely vezet\u0151je<\/li>\n\n\n\n<li><strong>R\u00e1cz Katalin<\/strong>, sz\u00edn\u00e9sz \u00e9s szinkronrendez\u0151<\/li>\n\n\n\n<li><strong>Rakitai R\u00e9ka<\/strong>, Kazinczy-eml\u00e9k\u00e9rmes k\u00f6z\u00e9piskolai magyar-, valamint nyelv- \u00e9s besz\u00e9dfejleszt\u0151 tan\u00e1r<\/li>\n<\/ul>\n\n\n\n<figure class=\"wp-block-image size-large\"><img loading=\"lazy\" decoding=\"async\" width=\"1024\" height=\"724\" src=\"https:\/\/amve.org.uk\/wp-content\/uploads\/2026\/02\/438_compressed-1024x724.webp\" alt=\"\" class=\"wp-image-1965\" srcset=\"https:\/\/amve.org.uk\/wp-content\/uploads\/2026\/02\/438_compressed-1024x724.webp 1024w, https:\/\/amve.org.uk\/wp-content\/uploads\/2026\/02\/438_compressed-300x212.webp 300w, https:\/\/amve.org.uk\/wp-content\/uploads\/2026\/02\/438_compressed-768x543.webp 768w, https:\/\/amve.org.uk\/wp-content\/uploads\/2026\/02\/438_compressed.webp 1169w\" sizes=\"auto, (max-width: 1024px) 100vw, 1024px\" \/><\/figure>\n\n\n\n<p>A r\u00f6vid t\u00e1j\u00e9koztat\u00f3t k\u00f6vet\u0151en a gyermek kateg\u00f3ria versenyz\u0151i l\u00e9ptek sz\u00ednpadra: t\u00edz 8\u201313 \u00e9v k\u00f6z\u00f6tti fiatal mutatkozott be a k\u00f6z\u00f6ns\u00e9g el\u0151tt. \u0150ket az ifj\u00fas\u00e1gi kateg\u00f3ria h\u00e1rom tehets\u00e9ges r\u00e9sztvev\u0151je k\u00f6vette. R\u00f6vid sz\u00fcnet ut\u00e1n&nbsp;pedig huszon\u00f6t tehets\u00e9ges feln\u0151tt egy\u00e9ni interpret\u00e1lt produkci\u00f3j\u00e1t&nbsp;\u00e9lvezhette a publikum.<\/p>\n\n\n\n<p>A d\u00e9lel\u0151tti \u00e9s kora d\u00e9lut\u00e1ni izgalmakat \u00e1ll\u00f3fogad\u00e1s k\u00f6vette, am\u00edg a zs\u0171ri \u00e9rt\u00e9kelte az elhangzott el\u0151ad\u00e1sokat. A kiemelked\u0151en er\u0151s mez\u0151nyre val\u00f3 tekintettel t\u00f6bb feln\u0151tt versenyz\u0151t\u0151l a m\u00e1sodik v\u00e1lasztott m\u0171 el\u0151ad\u00e1s\u00e1t is k\u00e9rt\u00e9k a v\u00e9gleges d\u00f6nt\u00e9s meghozatal\u00e1hoz.<\/p>\n\n\n\n<p>Az \u00fcnnep\u00e9lyes d\u00edj\u00e1tad\u00f3 el\u0151tt a k\u00f6z\u00f6ns\u00e9g Papp J\u00falia el\u0151ad\u00f3m\u0171v\u00e9sz eml\u00e9kezetes fell\u00e9p\u00e9s\u00e9t tekinthette meg. Az eredm\u00e9nyhirdet\u00e9s sor\u00e1n a zs\u0171ritagok hasznos szakmai tan\u00e1csokkal l\u00e1tt\u00e1k el a versenyz\u0151ket, hangs\u00falyozva, hogy igen felk\u00e9sz\u00fclt \u00e9s ig\u00e9nyes produkci\u00f3kkal&nbsp;aj\u00e1nd\u00e9kozt\u00e1k meg hallgat\u00f3s\u00e1got.<\/p>\n\n\n\n<p>Mi sem mutatja jobban a sikert \u00e9s el\u00e9gedetts\u00e9get, mint hogy a rendez\u0151k m\u00e1r az esem\u00e9ny napj\u00e1n meg\u00edg\u00e9rt\u00e9k a folytat\u00e1st a k\u00f6vetkez\u0151 esztend\u0151ben.<\/p>\n\n\n\n<p><strong>D\u00edjazottak<\/strong><\/p>\n\n\n\n<p><strong>Angliai J\u00f3zsef Attila-d\u00edj <\/strong>dr. Horv\u00e1th J\u00e1nos S\u00e1ndor<\/p>\n\n\n\n<p><strong>Gyermek kateg\u00f3ria<br><\/strong>I. hely: Herdlicska T\u00edmea Kincs\u0151<br>II. hely: Kov\u00e1cs Bor\u00f3ka<br>III. hely: Koch Veronika<br>K\u00fcl\u00f6nd\u00edjban r\u00e9szes\u00fclt: Agnagaye R\u00e9ka, Kov\u00e1cs Kamilla<\/p>\n\n\n\n<p><strong>Ifj\u00fas\u00e1gi kateg\u00f3ria<br><\/strong>I. hely: Sz\u00e9kely Erik Attila<br>K\u00fcl\u00f6nd\u00edjban r\u00e9szes\u00fclt: Kocsis Nat\u00e1lia<\/p>\n\n\n\n<p><strong>Feln\u0151tt kateg\u00f3ria<\/strong><br>I. hely (megosztott): dr. Horv\u00e1th J\u00e1nos S\u00e1ndor, Somodi R\u00e9ka<br>II. hely: Podhradsk\u00e1 Lea<br>III. hely: Kiss Katalin<br>K\u00fcl\u00f6nd\u00edjban r\u00e9szes\u00fclt: Berta Endre, Csatl\u00f3s Cristina, Fentor Zsuzsanna, Koz\u00e1k Alexandra,&nbsp;Kun \u00c1ron, Tat\u00e1r Barbara, T\u00f3th Brigitta Erzs\u00e9bet, Vanyur Ferenc<\/p>","protected":false},"excerpt":{"rendered":"<p>Londoni Magyar Kultur\u00e1lis K\u00f6zpont,\u00a02017. \u00e1prilis 22. Az Angliai Magyar Versmond\u00f3k Egyes\u00fclete \u00e9s a Magyar Kult\u00fara \u00e9s \u00d6r\u00f6ks\u00e9g Alap\u00edtv\u00e1ny k\u00f6z\u00f6s kezdem\u00e9nyez\u00e9sek\u00e9nt j\u00f6tt l\u00e9tre az I. Angliai J\u00f3zsef Attila Vers- \u00e9s Pr\u00f3zamond\u00f3 Verseny, amelyet a magyar k\u00f6lt\u00e9szet napja alkalm\u00e1b\u00f3l rendeztek meg 2017. \u00e1prilis 22-\u00e9n a Londoni Magyar Kultur\u00e1lis K\u00f6zpont (Hungarian Cultural Centre) d\u00edszterm\u00e9ben. A szervez\u0151k c\u00e9lja az [&hellip;]<\/p>\n","protected":false},"author":1,"featured_media":1966,"parent":11,"menu_order":0,"comment_status":"closed","ping_status":"closed","template":"","meta":{"_acf_changed":false,"footnotes":""},"class_list":["post-172","page","type-page","status-publish","has-post-thumbnail","hentry"],"acf":[],"_links":{"self":[{"href":"https:\/\/amve.org.uk\/en\/wp-json\/wp\/v2\/pages\/172","targetHints":{"allow":["GET"]}}],"collection":[{"href":"https:\/\/amve.org.uk\/en\/wp-json\/wp\/v2\/pages"}],"about":[{"href":"https:\/\/amve.org.uk\/en\/wp-json\/wp\/v2\/types\/page"}],"author":[{"embeddable":true,"href":"https:\/\/amve.org.uk\/en\/wp-json\/wp\/v2\/users\/1"}],"replies":[{"embeddable":true,"href":"https:\/\/amve.org.uk\/en\/wp-json\/wp\/v2\/comments?post=172"}],"version-history":[{"count":11,"href":"https:\/\/amve.org.uk\/en\/wp-json\/wp\/v2\/pages\/172\/revisions"}],"predecessor-version":[{"id":2958,"href":"https:\/\/amve.org.uk\/en\/wp-json\/wp\/v2\/pages\/172\/revisions\/2958"}],"up":[{"embeddable":true,"href":"https:\/\/amve.org.uk\/en\/wp-json\/wp\/v2\/pages\/11"}],"wp:featuredmedia":[{"embeddable":true,"href":"https:\/\/amve.org.uk\/en\/wp-json\/wp\/v2\/media\/1966"}],"wp:attachment":[{"href":"https:\/\/amve.org.uk\/en\/wp-json\/wp\/v2\/media?parent=172"}],"curies":[{"name":"wp","href":"https:\/\/api.w.org\/{rel}","templated":true}]}}

I. Angliai József Attila Vers- és Prózamondó Verseny

<p><strong>Londoni Magyar Kulturális Központ, 2017. április 22.</strong></p>



<p>Az Angliai Magyar Versmondók Egyesülete és a Magyar Kultúra és Örökség Alapítvány közös kezdeményezéseként jött létre az I. Angliai József Attila Vers- és Prózamondó Verseny, amelyet a magyar költészet napja alkalmából rendeztek meg 2017. április 22-én a Londoni Magyar Kulturális Központ (Hungarian Cultural Centre) dísztermében.</p>



<figure class="wp-block-image size-large"><img loading="lazy" decoding="async" width="1024" height="682" src="https://amve.org.uk/wp-content/uploads/2026/03/MEGNYITO-1024x682.jpg" alt="" class="wp-image-2519" srcset="https://amve.org.uk/wp-content/uploads/2026/03/MEGNYITO-1024x682.jpg 1024w, https://amve.org.uk/wp-content/uploads/2026/03/MEGNYITO-300x200.jpg 300w, https://amve.org.uk/wp-content/uploads/2026/03/MEGNYITO-768x511.jpg 768w, https://amve.org.uk/wp-content/uploads/2026/03/MEGNYITO-1536x1022.jpg 1536w, https://amve.org.uk/wp-content/uploads/2026/03/MEGNYITO.jpg 2048w" sizes="auto, (max-width: 1024px) 100vw, 1024px" /></figure>



<p>A szervezők célja az volt, hogy minden korosztály számára lehetőséget biztosítsanak a bemutatkozásra és a magyar irodalom iránti elkötelezettség kifejezésére. A versenyre 8. életévüket betöltött amatőr vers- és prózamondók jelentkezhettek. A résztvevőknek két, az egyetemes magyar irodalomból szabadon választott verssel vagy prózai művel kellett készülniük.</p>



<p>A kategóriák az alábbiak szerint alakultak:</p>



<ul class="wp-block-list">
<li><strong>Gyermek kategória:</strong> 8–13 év</li>



<li><strong>Ifjúsági kategória:</strong> 14–19 év</li>



<li><strong>Felnőtt kategória:</strong> 20 év felett</li>
</ul>



<p>A versenyre 53 fő nevezett.</p>



<figure class="wp-block-image size-large is-resized"><img loading="lazy" decoding="async" width="724" height="1024" src="https://amve.org.uk/wp-content/uploads/2026/02/PROGRAM-2017_Page_1_compressed-724x1024.webp" alt="" class="wp-image-1963" style="width:724px;height:auto" srcset="https://amve.org.uk/wp-content/uploads/2026/02/PROGRAM-2017_Page_1_compressed-724x1024.webp 724w, https://amve.org.uk/wp-content/uploads/2026/02/PROGRAM-2017_Page_1_compressed-212x300.webp 212w, https://amve.org.uk/wp-content/uploads/2026/02/PROGRAM-2017_Page_1_compressed-768x1086.webp 768w, https://amve.org.uk/wp-content/uploads/2026/02/PROGRAM-2017_Page_1_compressed-1086x1536.webp 1086w, https://amve.org.uk/wp-content/uploads/2026/02/PROGRAM-2017_Page_1_compressed.webp 1400w" sizes="auto, (max-width: 724px) 100vw, 724px" /></figure>



<figure class="wp-block-image size-large"><img loading="lazy" decoding="async" width="724" height="1024" src="https://amve.org.uk/wp-content/uploads/2026/02/PROGRAM-2017_Page_2_compressed-724x1024.webp" alt="" class="wp-image-1964" srcset="https://amve.org.uk/wp-content/uploads/2026/02/PROGRAM-2017_Page_2_compressed-724x1024.webp 724w, https://amve.org.uk/wp-content/uploads/2026/02/PROGRAM-2017_Page_2_compressed-212x300.webp 212w, https://amve.org.uk/wp-content/uploads/2026/02/PROGRAM-2017_Page_2_compressed-768x1086.webp 768w, https://amve.org.uk/wp-content/uploads/2026/02/PROGRAM-2017_Page_2_compressed-1086x1536.webp 1086w, https://amve.org.uk/wp-content/uploads/2026/02/PROGRAM-2017_Page_2_compressed.webp 1400w" sizes="auto, (max-width: 724px) 100vw, 724px" /></figure>



<p>Az egész napos, teltházas rendezvény 10:30-kor kezdődött. <strong>Verbászi Beáta </strong>főszervező, az Angliai Magyar Versmondók Egyesületének alapítója, Radnóti-díjas előadóművész, a zsűri elnöke ismertette a nap programját, majd bemutatta a zsűri további tagjait:</p>



<ul class="wp-block-list">
<li><strong>Horváth Milán</strong>, a Londoni Magyar Kulturális Központ programszervezője, a londoni Kommunikációs- és Drámaműhely vezetője</li>



<li><strong>Rácz Katalin</strong>, színész és szinkronrendező</li>



<li><strong>Rakitai Réka</strong>, Kazinczy-emlékérmes középiskolai magyar-, valamint nyelv- és beszédfejlesztő tanár</li>
</ul>



<figure class="wp-block-image size-large"><img loading="lazy" decoding="async" width="1024" height="724" src="https://amve.org.uk/wp-content/uploads/2026/02/438_compressed-1024x724.webp" alt="" class="wp-image-1965" srcset="https://amve.org.uk/wp-content/uploads/2026/02/438_compressed-1024x724.webp 1024w, https://amve.org.uk/wp-content/uploads/2026/02/438_compressed-300x212.webp 300w, https://amve.org.uk/wp-content/uploads/2026/02/438_compressed-768x543.webp 768w, https://amve.org.uk/wp-content/uploads/2026/02/438_compressed.webp 1169w" sizes="auto, (max-width: 1024px) 100vw, 1024px" /></figure>



<p>A rövid tájékoztatót követően a gyermek kategória versenyzői léptek színpadra: tíz 8–13 év közötti fiatal mutatkozott be a közönség előtt. Őket az ifjúsági kategória három tehetséges résztvevője követte. Rövid szünet után&nbsp;pedig huszonöt tehetséges felnőtt egyéni interpretált produkcióját&nbsp;élvezhette a publikum.</p>



<p>A délelőtti és kora délutáni izgalmakat állófogadás követte, amíg a zsűri értékelte az elhangzott előadásokat. A kiemelkedően erős mezőnyre való tekintettel több felnőtt versenyzőtől a második választott mű előadását is kérték a végleges döntés meghozatalához.</p>



<p>Az ünnepélyes díjátadó előtt a közönség Papp Júlia előadóművész emlékezetes fellépését tekinthette meg. Az eredményhirdetés során a zsűritagok hasznos szakmai tanácsokkal látták el a versenyzőket, hangsúlyozva, hogy igen felkészült és igényes produkciókkal&nbsp;ajándékozták meg hallgatóságot.</p>



<p>Mi sem mutatja jobban a sikert és elégedettséget, mint hogy a rendezők már az esemény napján megígérték a folytatást a következő esztendőben.</p>



<p><strong>Díjazottak</strong></p>



<p><strong>Angliai József Attila-díj </strong>dr. Horváth János Sándor</p>



<p><strong>Gyermek kategória<br></strong>I. hely: Herdlicska Tímea Kincső<br>II. hely: Kovács Boróka<br>III. hely: Koch Veronika<br>Különdíjban részesült: Agnagaye Réka, Kovács Kamilla</p>



<p><strong>Ifjúsági kategória<br></strong>I. hely: Székely Erik Attila<br>Különdíjban részesült: Kocsis Natália</p>



<p><strong>Felnőtt kategória</strong><br>I. hely (megosztott): dr. Horváth János Sándor, Somodi Réka<br>II. hely: Podhradská Lea<br>III. hely: Kiss Katalin<br>Különdíjban részesült: Berta Endre, Csatlós Cristina, Fentor Zsuzsanna, Kozák Alexandra,&nbsp;Kun Áron, Tatár Barbara, Tóth Brigitta Erzsébet, Vanyur Ferenc</p>

<p>Londoni Magyar Kulturális Központ, 2017. április 22. Az Angliai Magyar Versmondók Egyesülete és a Magyar Kultúra és Örökség Alapítvány közös kezdeményezéseként jött létre az I. Angliai József Attila Vers- és Prózamondó Verseny, amelyet a magyar költészet napja alkalmából rendeztek meg 2017. április 22-én a Londoni Magyar Kulturális Központ (Hungarian Cultural Centre) dísztermében. A szervezők célja az [&hellip;]</p>
